{"id":1530,"date":"2019-03-29T03:33:43","date_gmt":"2019-03-29T03:33:43","guid":{"rendered":"http:\/\/localhost\/consultax\/?page_id=1530"},"modified":"2021-07-26T15:13:54","modified_gmt":"2021-07-26T13:13:54","slug":"home-1","status":"publish","type":"page","link":"https:\/\/www.kfz-expert.de\/","title":{"rendered":"Home 1"},"content":{"rendered":"<p>[vc_row full_width=&#8220;stretch_row_content_no_spaces&#8220;][vc_column][rev_slider_vc alias=&#8220;home1&#8243;][\/vc_column][\/vc_row][vc_row equal_height=&#8220;yes&#8220; content_placement=&#8220;middle&#8220; css=&#8220;.vc_custom_1568197489932{background-color: #ffffff !important;}&#8220; el_id=&#8220;ueberuns&#8220; el_class=&#8220;section-padd&#8220;][vc_column][vc_row_inner equal_height=&#8220;yes&#8220; content_placement=&#8220;middle&#8220; css=&#8220;.vc_custom_1572009034467{background-image: url(https:\/\/www.kfz-expert.de\/wp-content\/uploads\/pr\u00fcfhalle.jpg?id=3045) !important;}&#8220;][vc_column_inner el_class=&#8220;bg-second&#8220; offset=&#8220;vc_col-md-6&#8243;][vc_empty_space height=&#8220;60px&#8220; el_class=&#8220;lg-hidden&#8220;]\n    <div class=\"section-head padding-box-2 text-light\">\n                    <h6><span>Ingenieur- und Sachverst\u00e4ndigenb\u00fcro Aachen<\/span><\/h6>\n                <h2 class=\"section-title\">50 Jahre Erfahrung,<br \/>\nwir sind f\u00fcr Sie da<\/h2>\n            <\/div>\n\n[vc_column_text el_class=&#8220;padding-box-2 text-light&#8220; css=&#8220;.vc_custom_1565782650118{padding-top: 0px !important;padding-bottom: 0px !important;}&#8220;]<\/p>\n<div class=\"featured-box-excerpt\">\n<p>Wir sind der richtige Partner, wenn es um ein Gutachten, Probleme nach einem Unfall, einem Kauf oder der Schadensregulierung geht. Mit Sachverstand, hoher Kompetenz sowie einem hohen Service-Anspruch sind wir f\u00fcr Sie da. Unsere Leistungen orientieren sich nach Ihnen und nicht nach dritten.<\/p>\n<p>Profitieren Sie von unserer langj\u00e4hrigen Praxis-Erfahrung aus der Automobilindustrie in den Bereichen Karosserie, Lackierung und Motorenbau.<\/p>\n<\/div>\n<p>[\/vc_column_text][vc_empty_space height=&#8220;60px&#8220; el_class=&#8220;lg-hidden&#8220;][\/vc_column_inner][vc_column_inner css=&#8220;.vc_custom_1567978626020{padding-top: 300px !important;padding-bottom: 250px !important;background-image: url(https:\/\/dt.phodra.com\/wp-content\/uploads\/2019\/09\/pr\u00fcfhalle.jpg?id=2161) !important;background-position: center !important;background-repeat: no-repeat !important;background-size: cover !important;}&#8220; offset=&#8220;vc_col-md-6&#8243;][\/vc_column_inner][\/vc_row_inner][\/vc_column][\/vc_row][vc_row equal_height=&#8220;yes&#8220; content_placement=&#8220;middle&#8220; el_id=&#8220;leistungen&#8220; el_class=&#8220;section-padd&#8220;][vc_column offset=&#8220;vc_col-md-9&#8243;]\n    <div class=\"section-head \">\n                    <h6><span>ERFAHRUNG, KOMPETENZ, KUNDENFREUNDLICHKEIT<\/span><\/h6>\n                <h2 class=\"section-title\">Unsere Dienstleistungen<\/h2>\n            <\/div>\n\n[vc_empty_space height=&#8220;30px&#8220; el_class=&#8220;md-hidden sm-hidden&#8220;][\/vc_column][vc_column offset=&#8220;vc_col-md-3&#8243;][\/vc_column][vc_column width=&#8220;1\/2&#8243; offset=&#8220;vc_col-md-4&#8243;]\n        <div class=\"service-box icon-box  ionic  hover-box\">\n                <i class=\"ion-md-list-box ion-logo-list-box\"><\/i>                <div class=\"content-box\">\n            <h4>Neutrale Unfallschadenbegutachtung<\/h4>\n            <p><\/p>\n                    <\/div>\n    <\/div>\n    \n    [vc_empty_space height=&#8220;23px&#8220;][\/vc_column][vc_column width=&#8220;1\/2&#8243; offset=&#8220;vc_col-md-4&#8243;]\n        <div class=\"service-box icon-box  ionic  hover-box\">\n                <i class=\"ion-md-list-box ion-logo-list-box\"><\/i>                <div class=\"content-box\">\n            <h4>Begutachtungen auch im benachbarten Ausland<\/h4>\n            <p><\/p>\n                    <\/div>\n    <\/div>\n    \n    [vc_empty_space height=&#8220;26px&#8220;][\/vc_column][vc_column width=&#8220;1\/2&#8243; offset=&#8220;vc_col-md-4&#8243;]\n        <div class=\"service-box icon-box  ionic  hover-box\">\n                <i class=\"ion-md-list-box ion-logo-list-box\"><\/i>                <div class=\"content-box\">\n            <h4>Flexibilit\u00e4t in der Absprache von Begutachtungsterminen<\/h4>\n            <p><\/p>\n                    <\/div>\n    <\/div>\n    \n    [vc_empty_space height=&#8220;23px&#8220;][\/vc_column][vc_column width=&#8220;1\/2&#8243; offset=&#8220;vc_col-md-4&#8243;]\n        <div class=\"service-box icon-box  ionic  hover-box\">\n                <i class=\"ion-md-list-box ion-logo-list-box\"><\/i>                <div class=\"content-box\">\n            <h4>Schadenskalkulation nach dem Audatex-System<\/h4>\n            <p><\/p>\n                    <\/div>\n    <\/div>\n    \n    [vc_empty_space height=&#8220;23px&#8220;][\/vc_column][vc_column width=&#8220;1\/3&#8243;]\n        <div class=\"service-box icon-box  ionic  hover-box\">\n                <i class=\"ion-md-list-box ion-logo-list-box\"><\/i>                <div class=\"content-box\">\n            <h4>Motor- und Getriebeschadengutachten<\/h4>\n            <p><\/p>\n                    <\/div>\n    <\/div>\n    \n    [vc_empty_space height=&#8220;23px&#8220;][\/vc_column][vc_column width=&#8220;1\/3&#8243;]\n        <div class=\"service-box icon-box  ionic  hover-box\">\n                <i class=\"ion-md-list-box ion-logo-list-box\"><\/i>                <div class=\"content-box\">\n            <h4>Fahrzeugbewertungen<\/h4>\n            <p><\/p>\n                    <\/div>\n    <\/div>\n    \n    [vc_empty_space height=&#8220;23px&#8220;][\/vc_column][vc_column width=&#8220;1\/3&#8243;]\n        <div class=\"service-box icon-box  ionic  hover-box\">\n                <i class=\"ion-md-list-box ion-logo-list-box\"><\/i>                <div class=\"content-box\">\n            <h4>Oldtimerbegutachtung<\/h4>\n            <p><\/p>\n                    <\/div>\n    <\/div>\n    \n    [vc_empty_space height=&#8220;23px&#8220;][\/vc_column][vc_column width=&#8220;1\/3&#8243;]\n        <div class=\"service-box icon-box  ionic  hover-box\">\n                <i class=\"ion-md-list-box ion-logo-list-box\"><\/i>                <div class=\"content-box\">\n            <h4>Lackgutachten<\/h4>\n            <p><\/p>\n                    <\/div>\n    <\/div>\n    \n    [vc_empty_space height=&#8220;23px&#8220;][\/vc_column][vc_column width=&#8220;1\/3&#8243;]\n        <div class=\"service-box icon-box  ionic  hover-box\">\n                <i class=\"ion-md-list-box ion-logo-list-box\"><\/i>                <div class=\"content-box\">\n            <h4>Schadenursachenermittlung<\/h4>\n            <p><\/p>\n                    <\/div>\n    <\/div>\n    \n    [vc_empty_space height=&#8220;23px&#8220;][\/vc_column][\/vc_row][vc_row equal_height=&#8220;yes&#8220; content_placement=&#8220;middle&#8220; el_class=&#8220;section-padd&#8220; css=&#8220;.vc_custom_1554106964126{background-color: #ffffff !important;}&#8220;][vc_column offset=&#8220;vc_col-md-9&#8243;]\n    <div class=\"section-head \">\n                    <h6><span>Ingenieur- und Sachverst\u00e4ndigenb\u00fcro Aachen<\/span><\/h6>\n                <h2 class=\"section-title\">Letzte Neuigkeiten<\/h2>\n            <\/div>\n\n[vc_empty_space height=&#8220;30px&#8220; el_class=&#8220;md-hidden sm-hidden&#8220;][\/vc_column][vc_column offset=&#8220;vc_col-md-3&#8243;][vc_column_text el_class=&#8220;text-right mobile-left&#8220; css=&#8220;.vc_custom_1568200088733{padding-top: 13px !important;}&#8220;]<a class=\"pagelink gray\" href=\"https:\/\/www.dt.phodra.com\/urteile\">Alle Urteile<\/a>[\/vc_column_text][\/vc_column][vc_column]    <div class=\"news-slider posts-grid row  \" data-show=\"3\" data-auto=\"true\" data-dot=\"\">\n                    <div>\n                <article class=\"news-item content-area\">\n                    <div class=\"inner-item radius-top\">\n                                                    <div class=\"thumb-image\">\n                                <a href=\"https:\/\/www.kfz-expert.de\/?p=3068\">\n                                    <img width=\"650\" height=\"351\" src=\"https:\/\/www.kfz-expert.de\/wp-content\/uploads\/2019\/09\/bgbgbg-650x351.jpg\" class=\"attachment-consultax-latest-news-thumbnail default-featured-img\" alt=\"\" loading=\"lazy\" \/>                                <\/a>\n                            <\/div>\n                                                <div class=\"inner-post radius-bottom\">\n                            <div class=\"entry-meta\">\n                                <span class=\"posted-on\"><time class=\"entry-date published updated\" datetime=\"2019-12-05T14:51:27+01:00\">5. Dezember 2019<\/time><\/span><span class=\"posted-in\"><a href=\"https:\/\/www.kfz-expert.de\/?cat=31\" rel=\"category\">Aktuelles<\/a>, <a href=\"https:\/\/www.kfz-expert.de\/?cat=2\" rel=\"category\">Reparaturkosten<\/a><\/span>                            <\/div>\n                            <h4 class=\"entry-title\">\n                                <a href=\"https:\/\/www.kfz-expert.de\/?p=3068\">Urteil des BGH vom 17.09.2019 &#8211; Ber\u00fccksichtigung der Beilackierungskosten im Rahmen der fiktiven Abrechnung<\/a>\n                            <\/h4>\n                            <p>BUNDESGERICHTSHOF IM NAMEN DES VOLKES URTEIL VI ZR 396\/18 Verk\u00fcndet am: 17. September 2019 Holmes...<\/p>                                                        <a class=\"post-link\" href=\"https:\/\/www.kfz-expert.de\/?p=3068\">\n                                Read more                            <\/a>\n                                                    <\/div>\n                    <\/div>\n                <\/article>\n            <\/div>\n                    <div>\n                <article class=\"news-item content-area\">\n                    <div class=\"inner-item radius-top\">\n                                                    <div class=\"thumb-image\">\n                                <a href=\"https:\/\/www.kfz-expert.de\/?p=3058\">\n                                    <img width=\"650\" height=\"351\" src=\"https:\/\/www.kfz-expert.de\/wp-content\/uploads\/2019\/09\/bgbgbg-650x351.jpg\" class=\"attachment-consultax-latest-news-thumbnail default-featured-img\" alt=\"\" loading=\"lazy\" \/>                                <\/a>\n                            <\/div>\n                                                <div class=\"inner-post radius-bottom\">\n                            <div class=\"entry-meta\">\n                                <span class=\"posted-on\"><time class=\"entry-date published updated\" datetime=\"2019-12-05T14:16:25+01:00\">5. Dezember 2019<\/time><\/span><span class=\"posted-in\"><a href=\"https:\/\/www.kfz-expert.de\/?cat=31\" rel=\"category\">Aktuelles<\/a>, <a href=\"https:\/\/www.kfz-expert.de\/?cat=26\" rel=\"category\">Restwert<\/a>, <a href=\"https:\/\/www.kfz-expert.de\/?cat=25\" rel=\"category\">Totalschaden<\/a><\/span>                            <\/div>\n                            <h4 class=\"entry-title\">\n                                <a href=\"https:\/\/www.kfz-expert.de\/?p=3058\">Urteil des BGH vom 25.06.2019 &#8211; Verwertung eines Unfallwagens durch Autoh\u00e4ndler<\/a>\n                            <\/h4>\n                            <p>BUNDESGERICHTSHOF IM NAMEN DES VOLKES URTEIL &nbsp; VI ZR 358\/18 Verk\u00fcndet am: 25. Juni 2019...<\/p>                                                        <a class=\"post-link\" href=\"https:\/\/www.kfz-expert.de\/?p=3058\">\n                                Read more                            <\/a>\n                                                    <\/div>\n                    <\/div>\n                <\/article>\n            <\/div>\n                    <div>\n                <article class=\"news-item content-area\">\n                    <div class=\"inner-item radius-top\">\n                                                    <div class=\"thumb-image\">\n                                <a href=\"https:\/\/www.kfz-expert.de\/?p=3005\">\n                                    <img width=\"650\" height=\"351\" src=\"https:\/\/www.kfz-expert.de\/wp-content\/uploads\/2019\/09\/bgbgbg-650x351.jpg\" class=\"attachment-consultax-latest-news-thumbnail default-featured-img\" alt=\"\" loading=\"lazy\" \/>                                <\/a>\n                            <\/div>\n                                                <div class=\"inner-post radius-bottom\">\n                            <div class=\"entry-meta\">\n                                <span class=\"posted-on\"><time class=\"entry-date published updated\" datetime=\"2019-10-16T13:45:57+02:00\">16. Oktober 2019<\/time><\/span><span class=\"posted-in\"><a href=\"https:\/\/www.kfz-expert.de\/?cat=23\" rel=\"category\">Wertminderung<\/a><\/span>                            <\/div>\n                            <h4 class=\"entry-title\">\n                                <a href=\"https:\/\/www.kfz-expert.de\/?p=3005\">Urteil des AG Hamburg vom 25.10.2013 &#8211; Merkantiler Minderwert bei \u00e4lteren Fahrzeugen &#8211; Keine Relevanz der Besch\u00e4digung tragender Teile f\u00fcr merkantilen Minderwert<\/a>\n                            <\/h4>\n                            <p>Auch bei einem sieben Jahre alten Dieselfahrzeug mit einer Laufleistung von 195.000 km ist ein...<\/p>                                                        <a class=\"post-link\" href=\"https:\/\/www.kfz-expert.de\/?p=3005\">\n                                Read more                            <\/a>\n                                                    <\/div>\n                    <\/div>\n                <\/article>\n            <\/div>\n                    <div>\n                <article class=\"news-item content-area\">\n                    <div class=\"inner-item radius-top\">\n                                                    <div class=\"thumb-image\">\n                                <a href=\"https:\/\/www.kfz-expert.de\/?p=3002\">\n                                    <img width=\"650\" height=\"351\" src=\"https:\/\/www.kfz-expert.de\/wp-content\/uploads\/2019\/09\/bgbgbg-650x351.jpg\" class=\"attachment-consultax-latest-news-thumbnail default-featured-img\" alt=\"\" loading=\"lazy\" \/>                                <\/a>\n                            <\/div>\n                                                <div class=\"inner-post radius-bottom\">\n                            <div class=\"entry-meta\">\n                                <span class=\"posted-on\"><time class=\"entry-date published\" datetime=\"2019-10-16T13:45:20+02:00\">16. Oktober 2019<\/time><time class=\"updated\" datetime=\"\"><\/time><\/span><span class=\"posted-in\"><a href=\"https:\/\/www.kfz-expert.de\/?cat=23\" rel=\"category\">Wertminderung<\/a><\/span>                            <\/div>\n                            <h4 class=\"entry-title\">\n                                <a href=\"https:\/\/www.kfz-expert.de\/?p=3002\">Urteil des LG M\u00fcnchen I vom 05.07.2012 zur Ermittlung der Wertminderung eines unfallgesch\u00e4digten Kfz durch wissenschaftliche Ermittlung eines Sachverst\u00e4ndigen<\/a>\n                            <\/h4>\n                            <p>Bei der Ermittlung der Wertminderung eines unfallgesch\u00e4digten Kfz ist nicht auf Erfahrungswerte von Kfz-H\u00e4ndlern abzustellen....<\/p>                                                        <a class=\"post-link\" href=\"https:\/\/www.kfz-expert.de\/?p=3002\">\n                                Read more                            <\/a>\n                                                    <\/div>\n                    <\/div>\n                <\/article>\n            <\/div>\n                    <div>\n                <article class=\"news-item content-area\">\n                    <div class=\"inner-item radius-top\">\n                                                    <div class=\"thumb-image\">\n                                <a href=\"https:\/\/www.kfz-expert.de\/?p=3000\">\n                                    <img width=\"650\" height=\"351\" src=\"https:\/\/www.kfz-expert.de\/wp-content\/uploads\/2019\/09\/bgbgbg-650x351.jpg\" class=\"attachment-consultax-latest-news-thumbnail default-featured-img\" alt=\"\" loading=\"lazy\" \/>                                <\/a>\n                            <\/div>\n                                                <div class=\"inner-post radius-bottom\">\n                            <div class=\"entry-meta\">\n                                <span class=\"posted-on\"><time class=\"entry-date published updated\" datetime=\"2019-10-16T13:44:59+02:00\">16. Oktober 2019<\/time><\/span><span class=\"posted-in\"><a href=\"https:\/\/www.kfz-expert.de\/?cat=23\" rel=\"category\">Wertminderung<\/a><\/span>                            <\/div>\n                            <h4 class=\"entry-title\">\n                                <a href=\"https:\/\/www.kfz-expert.de\/?p=3000\">Urteil des OLG D\u00fcsseldorf I vom 26.06.2012 &#8211; Anspruch auf Ersatz des merkantilen Minderwerts auch bei einem \u00e4lteren Fahrzeug mit hoher Laufleistung<\/a>\n                            <\/h4>\n                            <p>Der Gesch\u00e4digte eines Verkehrsunfalls hat auch bei einem \u00e4lteren Fahrzeug (hier: 6,5 Jahre) mit einer...<\/p>                                                        <a class=\"post-link\" href=\"https:\/\/www.kfz-expert.de\/?p=3000\">\n                                Read more                            <\/a>\n                                                    <\/div>\n                    <\/div>\n                <\/article>\n            <\/div>\n            <\/div>\n\n    [\/vc_column][\/vc_row]<\/p>\n","protected":false},"excerpt":{"rendered":"<p>[vc_row full_width=&#8220;stretch_row_content_no_spaces&#8220;][vc_column][rev_slider_vc alias=&#8220;home1&#8243;][\/vc_column][\/vc_row][vc_row equal_height=&#8220;yes&#8220; content_placement=&#8220;middle&#8220; css=&#8220;.vc_custom_1568197489932{background-color: #ffffff !important;}&#8220; el_id=&#8220;ueberuns&#8220; el_class=&#8220;section-padd&#8220;][vc_column][vc_row_inner equal_height=&#8220;yes&#8220; content_placement=&#8220;middle&#8220; css=&#8220;.vc_custom_1572009034467{background-image: url(https:\/\/www.kfz-expert.de\/wp-content\/uploads\/pr\u00fcfhalle.jpg?id=3045) !important;}&#8220;][vc_column_inner el_class=&#8220;bg-second&#8220; offset=&#8220;vc_col-md-6&#8243;][vc_empty_space height=&#8220;60px&#8220; el_class=&#8220;lg-hidden&#8220;][vc_column_text el_class=&#8220;padding-box-2 text-light&#8220; css=&#8220;.vc_custom_1565782650118{padding-top: 0px !important;padding-bottom: 0px !important;}&#8220;] Wir sind der richtige Partner, wenn es um ein Gutachten, Probleme nach einem Unfall, einem Kauf oder der Schadensregulierung geht. Mit Sachverstand, hoher Kompetenz sowie einem hohen Service-Anspruch sind [&hellip;]<\/p>\n","protected":false},"author":1,"featured_media":2160,"parent":0,"menu_order":0,"comment_status":"closed","ping_status":"closed","template":"","meta":[],"_links":{"self":[{"href":"https:\/\/www.kfz-expert.de\/index.php?rest_route=\/wp\/v2\/pages\/1530"}],"collection":[{"href":"https:\/\/www.kfz-expert.de\/index.php?rest_route=\/wp\/v2\/pages"}],"about":[{"href":"https:\/\/www.kfz-expert.de\/index.php?rest_route=\/wp\/v2\/types\/page"}],"author":[{"embeddable":true,"href":"https:\/\/www.kfz-expert.de\/index.php?rest_route=\/wp\/v2\/users\/1"}],"replies":[{"embeddable":true,"href":"https:\/\/www.kfz-expert.de\/index.php?rest_route=%2Fwp%2Fv2%2Fcomments&post=1530"}],"version-history":[{"count":60,"href":"https:\/\/www.kfz-expert.de\/index.php?rest_route=\/wp\/v2\/pages\/1530\/revisions"}],"predecessor-version":[{"id":3093,"href":"https:\/\/www.kfz-expert.de\/index.php?rest_route=\/wp\/v2\/pages\/1530\/revisions\/3093"}],"wp:featuredmedia":[{"embeddable":true,"href":"https:\/\/www.kfz-expert.de\/index.php?rest_route=\/wp\/v2\/media\/2160"}],"wp:attachment":[{"href":"https:\/\/www.kfz-expert.de\/index.php?rest_route=%2Fwp%2Fv2%2Fmedia&parent=1530"}],"curies":[{"name":"wp","href":"https:\/\/api.w.org\/{rel}","templated":true}]}}